e
Is 3368993 a prime number?
True
Is 5319137 a composite number?
True
Is 336169 a composite number?
True
Is 3673037 composite?
True
Is 5853563 a composite number?
True
Is 247696213 prime?
True
Is 42408241 prime?
False
Is 6592813 composite?
False
Is 359657 a composite number?
False
Is 234545231 a prime number?
True
Is 9405633 a composite number?
True
Is 8140829 a composite number?
False
Is 137587 composite?
False
Is 6967027 composite?
True
Is 126208883 composite?
True
Is 5063351 a composite number?
True
Is 27018977 composite?
True
Is 3080447 a prime number?
False
Is 24376949 a prime number?
True
Is 22444121 a composite number?
True
Is 182717287 a composite number?
False
Is 2986513 composite?
False
Is 11330843 a composite number?
True
Is 1969259 composite?
True
Is 9190109 prime?
False
Is 17423545 a prime number?
False
Is 25392979 a composite number?
True
Is 548393 a composite number?
False
Is 9124169 composite?
True
Is 21614807 a prime number?
False
Is 563895079 a composite number?
True
Is 23416789 a composite number?
True
Is 18102005 prime?
False
Is 69461 a prime number?
False
Is 4036139 composite?
False
Is 2164991 prime?
True
Is 2759594 a prime number?
False
Is 133893379 composite?
False
Is 2616659 a prime number?
True
Is 105907621 prime?
False
Is 399256043 a prime number?
False
Is 101576798 a composite number?
True
Is 2803183 a prime number?
True
Is 13910329 a composite number?
False
Is 49578211 a composite number?
False
Is 1093777 prime?
True
Is 111301651 a prime number?
False
Is 14419894 a prime number?
False
Is 5758493 prime?
False
Is 19611247 a composite number?
False
Is 2323697 a prime number?
True
Is 2571355 a prime number?
False
Is 29938669 composite?
False
Is 129834059 composite?
False
Is 11323579 prime?
True
Is 6730463 composite?
False
Is 329628401 prime?
True
Is 8773073 prime?
True
Is 4700821 composite?
False
Is 12011827 composite?
True
Is 664403 a prime number?
True
Is 28560463 a prime number?
True
Is 131159411 a prime number?
True
Is 58879 a prime number?
False
Is 6345691 a prime number?
False
Is 89528671 prime?
True
Is 7609627 prime?
True
Is 9477491 a prime number?
True
Is 2098895563 a composite number?
False
Is 314229 prime?
False
Is 38087861 a composite number?
True
Is 82253245 a composite number?
True
Is 1949327 a composite number?
False
Is 6971387 composite?
True
Is 1567433213 a prime number?
True
Is 3467887 a prime number?
False
Is 128109271 prime?
True
Is 40083941 composite?
False
Is 209867909 composite?
False
Is 8079649 prime?
True
Is 24906527 prime?
True
Is 1247813 a composite number?
True
Is 1099541 a composite number?
False
Is 1126163 prime?
False
Is 3183287 a prime number?
True
Is 574214 a composite number?
True
Is 117307447 a prime number?
False
Is 5463713 prime?
True
Is 66121 a prime number?
False
Is 9506297 composite?
False
Is 2377967 a prime number?
True
Is 31995133 a composite number?
False
Is 197871893 a composite number?
True
Is 383751047 a composite number?
True
Is 64490495 prime?
False
Is 222328081 prime?
True
Is 5714569 a prime number?
False
Is 2024786963 composite?
False
Is 8470369 composite?
True
Is 21871865 a prime number?
False
Is 4669243 a composite number?
False
Is 575119 a prime number?
True
Is 49305331 a composite number?
False
Is 33180503 composite?
False
Is 6469051 a prime number?
False
Is 2184781 composite?
True
Is 1715033 a prime number?
True
Is 12641207 composite?
True
Is 131136649 composite?
True
Is 10611541 prime?
True
Is 749834777 composite?
False
Is 237509 a composite number?
False
Is 9467 a prime number?
True
Is 2685567 a composite number?
True
Is 27174503 a composite number?
True
Is 11782973 composite?
False
Is 304700497 prime?
True
Is 5917943 a composite number?
True
Is 84537946 prime?
False
Is 11237617 prime?
True
Is 1948006 prime?
False
Is 149603 a prime number?
True
Is 11818771 a composite number?
True
Is 105767 composite?
False
Is 130614233 a composite number?
True
Is 36402071 prime?
True
Is 107655887 prime?
True
Is 10675661 composite?
False
Is 4465999 a prime number?
False
Is 1031287 a composite number?
True
Is 4239863 a prime number?
False
Is 7052449 prime?
False
Is 21815263 composite?
True
Is 17711823 a composite number?
True
Is 10417399 prime?
True
Is 843419 a composite number?
True
Is 48890921 composite?
False
Is 59352179 composite?
False
Is 394776903 composite?
True
Is 2760671 a composite number?
False
Is 12803731 composite?
True
Is 4015091 a prime number?
True
Is 45107119 prime?
True
Is 170431 prime?
False
Is 73996309 composite?
False
Is 494973469 composite?
True
Is 12772793 composite?
True
Is 257595839 a prime number?
True
Is 7597717 composite?
False
Is 24933847 composite?
False
Is 543769 composite?
False
Is 73257803 prime?
False
Is 2605609 composite?
False
Is 20389039 a prime number?
False
Is 9906007 composite?
False
Is 40642779 composite?
True
Is 49809223 a prime number?
True
Is 347663 prime?
False
Is 745017841 prime?
True
Is 29280413 prime?
False
Is 7940299 a composite number?
True
Is 99364777 a composite number?
False
Is 650557 composite?
True
Is 2026877 prime?
True
Is 376997 a composite number?
True
Is 176571961 a composite number?
False
Is 202403 composite?
False
Is 1000261 composite?
True
Is 304592641 a prime number?
True
Is 2780983 a composite number?
True
Is 258585473 prime?
False
Is 6094567 a composite number?
False
Is 7505063 a composite number?
False
Is 358513 a prime number?
False
Is 268285327 a prime number?
True
Is 1680193 prime?
False
Is 42741397 a prime number?
False
Is 470864607 a composite number?
True
Is 5424707 composite?
True
Is 22953617 composite?
True
Is 9716801 composite?
False
Is 650851 a composite number?
False
Is 8045729 a prime number?
True
Is 2612143 a composite number?
False
Is 152551747 prime?
True
Is 114958829 a prime number?
True
Is 549821 composite?
True
Is 70764241 prime?
False
Is 1903957 a prime number?
False
Is 20297831 prime?
True
Is 72544697 prime?
False
Is 973433 a composite number?
True
Is 170636507 composite?
True
Is 6228707 composite?
True
Is 1074329 a prime number?
True
Is 894437 composite?
True
Is 188053 prime?
False
Is 4675043 a composite number?
True
Is 19882033 composite?
False
Is 114258757 prime?
True
Is 49107133 a composite number?
False
Is 80203205 a prime number?
False
Is 1407647 a composite number?
False
Is 7738529 prime?
False
Is 21949061 prime?
False
Is 20384983 prime?
False
Is 36204113 a prime number?
False
Is 5087527 a prime number?
True
Is 1951901 a composite number?
True
Is 175747531 a composite number?
True
Is 966646 prime?
False
Is 339635147 a prime number?
True
Is 33489363 prime?
False
Is 10244677 prime?
True
Is 42465653 composite?
False
Is 179303273 a composite number?
False
Is 1983206 composite?
True
Is 13384993 prime?
True
Is 78982351 a prime number?
False
Is 1103449 a composite number?
False
Is 154164991 composite?
False
Is 2388899 prime?
True
Is 54885353 composite?
True
Is 2083706 a composite number?
True
Is 3110677 a prime number?
False
Is 303639503 composite?
True
Is 6951487 a prime number?
False
Is 196324529 a prime number?
True
Is 92647723 composite?
True
Is 559381 a composite number?
True
Is 13887617 a composite number?
True
Is 73275857 a prime number?
True
Is 373539509 composite?
True
Is 44203771 a composite number?
False
Is 2175617 a prime number?
False
Is 7537003 composite?
False
Is 26680946 composite?
True
Is 37757149 a prime number?
False
Is 1527497 composite?
False
Is 9128827 prime?
True
Is 53704918 composite?
True
Is 788653 a prime number?
False
Is 179317 a prime number?
True
Is 3980231 composite?
False
Is 60266503 composite?
True
Is 80065679 a composite number?
False
Is 3934547 composite?
True
Is 95786051 composite?
False
Is 6663037 composite?
True
Is 1723317 prime?
False
Is 100631399 a composite number?
True
Is 34827629 prime?
False
Is 573291533 a composite number?
False
Is 98891459 a composite number?
False
Is 90578857 composite?
False
Is 2978633 a prime number?
False
Is 842273 prime?
False
Is 3830257 prime?
False
Is 128030983 a prime number?
True
Is 8923 composite?
False
Is 9871 composite?
False
Is 5600917 composite?
True
Is 2016349 a composite number?
False
Is 12383121 composite?
True
Is 783615211 a composite number?
True
Is 2482237 a composite number?
False
Is 65723333 a prime number?
Fal